{"id":774,"date":"2013-07-06T21:54:13","date_gmt":"2013-07-06T19:54:13","guid":{"rendered":"http:\/\/dipavalibengal.com\/?page_id=774"},"modified":"2023-01-12T15:11:27","modified_gmt":"2023-01-12T14:11:27","slug":"nos-retraites","status":"publish","type":"page","link":"http:\/\/dipavalibengal.com\/?page_id=774","title":{"rendered":"Nos retrait\u00e9s"},"content":{"rendered":"<p>Il arrive un moment ou un chat sort du programme de reproduction.<\/p>\n<p>Il est alors st\u00e9rilis\u00e9 et il commence une autre vie, plus calme en g\u00e9n\u00e9ral.<\/p>\n<p style=\"text-align: justify;\">Certains sont plac\u00e9s, mais quand les liens tiss\u00e9s sont trop forts, ils restent avec nous.<\/p>\n<div id=\"attachment_886\" style=\"width: 138px\" class=\"wp-caption alignleft\"><a title=\"Friselis\" href=\"http:\/\/dipavalibengal.com\/?page_id=224\"><img loading=\"lazy\" decoding=\"async\" aria-describedby=\"caption-attachment-886\" class=\" wp-image-886 \" src=\"http:\/\/dipavalibengal.com\/wp-content\/uploads\/2013\/07\/Friselis-1.jpg\" alt=\"Friselis 1\" width=\"128\" height=\"66\" srcset=\"http:\/\/dipavalibengal.com\/wp-content\/uploads\/2013\/07\/Friselis-1.jpg 2682w, http:\/\/dipavalibengal.com\/wp-content\/uploads\/2013\/07\/Friselis-1-300x154.jpg 300w, http:\/\/dipavalibengal.com\/wp-content\/uploads\/2013\/07\/Friselis-1-1024x528.jpg 1024w, http:\/\/dipavalibengal.com\/wp-content\/uploads\/2013\/07\/Friselis-1-500x257.jpg 500w\" sizes=\"auto, (max-width: 128px) 100vw, 128px\" \/><\/a><p id=\"caption-attachment-886\" class=\"wp-caption-text\"><a title=\"Friselis\" href=\"http:\/\/dipavalibengal.com\/?page_id=224\">Friselis<\/a><\/p><\/div>\n<div><\/div>\n<dl id=\"attachment_475\">\n<dt><\/dt>\n<\/dl>\n<div id=\"attachment_468\" style=\"width: 136px\" class=\"wp-caption alignleft\"><a title=\"Galadriel\" href=\"http:\/\/dipavalibengal.com\/?page_id=260\"><img loading=\"lazy\" decoding=\"async\" aria-describedby=\"caption-attachment-468\" class=\"wp-image-468 \" src=\"http:\/\/dipavalibengal.com\/wp-content\/uploads\/2012\/08\/galad1.jpg\" alt=\"galad1\" width=\"126\" height=\"70\" srcset=\"http:\/\/dipavalibengal.com\/wp-content\/uploads\/2012\/08\/galad1.jpg 2283w, http:\/\/dipavalibengal.com\/wp-content\/uploads\/2012\/08\/galad1-300x167.jpg 300w, http:\/\/dipavalibengal.com\/wp-content\/uploads\/2012\/08\/galad1-1024x570.jpg 1024w, http:\/\/dipavalibengal.com\/wp-content\/uploads\/2012\/08\/galad1-500x278.jpg 500w\" sizes=\"auto, (max-width: 126px) 100vw, 126px\" \/><\/a><p id=\"caption-attachment-468\" class=\"wp-caption-text\"><a title=\"Galadriel\" href=\"http:\/\/dipavalibengal.com\/?page_id=260\">Galadriel<\/a><\/p><\/div>\n<div id=\"attachment_436\" style=\"width: 119px\" class=\"wp-caption alignleft\"><a title=\"Griselda\" href=\"http:\/\/dipavalibengal.com\/?page_id=263\"><img loading=\"lazy\" decoding=\"async\" aria-describedby=\"caption-attachment-436\" class=\" wp-image-436 \" src=\"http:\/\/dipavalibengal.com\/wp-content\/uploads\/2013\/01\/griseldacours.jpg\" alt=\"Octobre - Un peu d'exercice en plein air.\" width=\"109\" height=\"72\" srcset=\"http:\/\/dipavalibengal.com\/wp-content\/uploads\/2013\/01\/griseldacours.jpg 3072w, http:\/\/dipavalibengal.com\/wp-content\/uploads\/2013\/01\/griseldacours-300x200.jpg 300w, http:\/\/dipavalibengal.com\/wp-content\/uploads\/2013\/01\/griseldacours-1024x682.jpg 1024w, http:\/\/dipavalibengal.com\/wp-content\/uploads\/2013\/01\/griseldacours-450x300.jpg 450w\" sizes=\"auto, (max-width: 109px) 100vw, 109px\" \/><\/a><p id=\"caption-attachment-436\" class=\"wp-caption-text\"><a title=\"Griselda\" href=\"http:\/\/dipavalibengal.com\/?page_id=263\">Griselda<\/a><\/p><\/div>\n<div id=\"attachment_1156\" style=\"width: 108px\" class=\"wp-caption alignleft\"><a title=\"Joyosa\" href=\"http:\/\/dipavalibengal.com\/?page_id=1188\"><img loading=\"lazy\" decoding=\"async\" aria-describedby=\"caption-attachment-1156\" class=\"wp-image-1156 \" src=\"http:\/\/dipavalibengal.com\/wp-content\/uploads\/2014\/09\/joy8-150x150.jpg\" alt=\"joy8\" width=\"98\" height=\"98\" \/><\/a><p id=\"caption-attachment-1156\" class=\"wp-caption-text\">Joyosa<\/p><\/div>\n","protected":false},"excerpt":{"rendered":"<p>Il arrive un moment ou un chat sort du programme de reproduction. Il est alors st\u00e9rilis\u00e9 et il commence une autre vie, plus calme en g\u00e9n\u00e9ral. Certains sont plac\u00e9s, mais quand les liens tiss\u00e9s sont trop forts, ils restent avec &hellip; <a href=\"http:\/\/dipavalibengal.com\/?page_id=774\">Continuer la lecture <span class=\"meta-nav\">&rarr;<\/span><\/a><\/p>\n","protected":false},"author":1,"featured_media":0,"parent":9,"menu_order":0,"comment_status":"closed","ping_status":"open","template":"","meta":{"footnotes":""},"class_list":["post-774","page","type-page","status-publish","hentry"],"_links":{"self":[{"href":"http:\/\/dipavalibengal.com\/index.php?rest_route=\/wp\/v2\/pages\/774","targetHints":{"allow":["GET"]}}],"collection":[{"href":"http:\/\/dipavalibengal.com\/index.php?rest_route=\/wp\/v2\/pages"}],"about":[{"href":"http:\/\/dipavalibengal.com\/index.php?rest_route=\/wp\/v2\/types\/page"}],"author":[{"embeddable":true,"href":"http:\/\/dipavalibengal.com\/index.php?rest_route=\/wp\/v2\/users\/1"}],"replies":[{"embeddable":true,"href":"http:\/\/dipavalibengal.com\/index.php?rest_route=%2Fwp%2Fv2%2Fcomments&post=774"}],"version-history":[{"count":35,"href":"http:\/\/dipavalibengal.com\/index.php?rest_route=\/wp\/v2\/pages\/774\/revisions"}],"predecessor-version":[{"id":1895,"href":"http:\/\/dipavalibengal.com\/index.php?rest_route=\/wp\/v2\/pages\/774\/revisions\/1895"}],"up":[{"embeddable":true,"href":"http:\/\/dipavalibengal.com\/index.php?rest_route=\/wp\/v2\/pages\/9"}],"wp:attachment":[{"href":"http:\/\/dipavalibengal.com\/index.php?rest_route=%2Fwp%2Fv2%2Fmedia&parent=774"}],"curies":[{"name":"wp","href":"https:\/\/api.w.org\/{rel}","templated":true}]}}